ors of d.
29
Let v = 35126 - -15357. What are the prime factors of v?
19, 2657
Suppose -12 = 4*g, -o - 3*g - 19 = 4*o. List the prime factors of ((-8)/(-3))/(o/(-216)).
2, 3
Let v(r) = -55*r**3 + 2*r**2 - 6*r - 12. Let u be ((-3 + -2)/5)/((-3)/(-6)). List the prime factors of v(u).
2, 7
Suppose -3*o + 7688 = 11*p - 10*p, o + 23124 = 3*p. List the prime factors of p.
2, 3853
Let k(c) be the second derivative of 3*c**5/20 + 10*c**4/3 + 4*c**3/3 + 11*c**2 - 109*c. What are the prime factors of k(-12)?
2, 251
Let p(s) be the second derivative of -s**5/20 - s**4/12 + s**3/6 + 864*s**2 - 24*s. Let t be p(0). List the prime factors of (t/20)/4 - (-2)/5.
2, 11
Suppose -427*q - 579060 = -429*q. List the prime factors of (-3)/(-8) + (-14 - q/(-144)).
1997
Let v be 6/2 + (4 - 2). Suppose 5*l + z + 688 = 3580, -2898 = -v*l + z. What are the prime factors of l?
3, 193
Let q = 166 + -119. Suppose -6*p = -13 - q. Suppose w - p = 20. What are the prime factors of w?
2, 3, 5
Suppose 0 = 10*a, -4*a + 45163 = 3*s - 140507. List the prime factors of s.
2, 3, 5, 2063
Let g = 121 + -118. Suppose g*i - 613 = -2*k, -5*k = -k - 5*i - 1237. What are the prime factors of k?
2, 7, 11
Let n(d) = -d**3 + 9*d**2 - 7*d - 10. Let v be n(8). Let s be v/3 + (7 - 444/9). Let f = s - -113. List the prime factors of f.
2, 5, 7
Let x = 3682 - 3002. What are the prime factors of x?
2, 5, 17
Suppose 0 = 3*i - 4*p - 77544, 760*i = 759*i + 2*p + 25850. List the prime factors of i.
2, 7, 13, 71
Suppose -8 = -4*i, -2*h + 3*i = -5*h + 60. Let m be (h/10)/((-3)/(-5)). Suppose -m*j + 294 = 2*r, 0 = -j + 4*r + 7 + 77. What are the prime factors of j?
2, 3
Let f(x) = x - 5. Suppose 5 = 2*p - p. Let u be f(p). Let k(r) = -5*r + 58. What are the prime factors of k(u)?
2, 29
Suppose -28*w + 26*w = -26*w + 648912. What are the prime factors of w?
2, 11, 1229
Let g(z) = -1207*z**3 + 3*z**2 + 2*z - 2. What are the prime factors of g(-1)?
2, 3, 67
Let d(r) be the first derivative of 17*r**2/2 + 17*r + 21. Let a be d(-5). List the prime factors of (a + 1)/(3/(-3)).
67
Let m(j) be the third derivative of 0 + 16/3*j**3 + 0*j - 1/24*j**4 + 2*j**2. What are the prime factors of m(-3)?
5, 7
Suppose -26 = -13*o + 13. List the prime factors of (1096/24)/(1/o).
137
List the prime factors of 161/(-3)*(19 - 25).
2, 7, 23
Let n = -5922 + 7299. List the prime factors of n.
3, 17
Suppose 61*h - 489143 = -40*h. What are the prime factors of h?
29, 167
List the prime factors of 3282 + 10 + (3 - (8 - 2)).
11, 13, 23
Suppose -9*s = -8*s. Suppose -5*r = -s - 15. What are the prime factors of ((-19)/(-2))/(r/18)?
3, 19
Suppose 5*o = -5*g + 25, 6*g - 5*o = g - 25. Suppose 15*z + g*z = 4890. What are the prime factors of z?
2, 163
Let t be -3*2*35/10. Let m = 156 - t. What are the prime factors of m?
3, 59
What are the prime factors of (21/4)/7 + (-10813914)/(-328)?
2, 3, 5, 7, 157
Suppose 515*a - 195406 = 246*a + 228*a. List the prime factors of a.
2, 2383
Let x be (4/48*16)/(4/(-6)). List the prime factors of x + -8 + 17 + 820.
827
Let g(f) = 6*f + 21. Let c be g(-4). Let j be (-4)/3*(c - (-15)/20). Suppose 0 = -4*a - 3*m + 77, -j*m + 0*m = -4*a + 59. List the prime factors of a.
17
Let p(j) = -j**3 + 10*j**2 - 16*j + 15. Let a be p(8). Let w be (12/(-15) - 3/a)*-2. Suppose w*c - 113 = 1. What are the prime factors of c?
3, 19
Let o(p) = p**3 - 21*p**2 + 19*p + 24. Let x be o(20). Suppose -5*a = 11 + x. List the prime factors of a/2*12/9*-23.
2, 23
Suppose -690 = -4*m - 210. Suppose 5*i - 575 = 5*a, -5*i = -0*a - 2*a - 590. Suppose 0 = -w - 4*n + m, -i = -4*w - 3*n + 334. List the prime factors of w.
2, 7
Suppose 49*n - 51*n = 5*d - 36782, d + 3*n - 7346 = 0. List the prime factors of d.
2, 13, 283
Let r(u) = -2*u + 22. Let i be r(9). Suppose 0 = 2*q - 5*x - 89, 0*q - x = i*q - 123. Suppose 3*n - 16 - q = 0. What are the prime factors of n?
2
List the prime factors of (-115958)/(-14) + 29*48/4872.
3, 11, 251
Suppose 2*z = -5*z. Let i(q) = -5*q + 5. Let c be i(z). Suppose c*l + 238 = 4*v + 647, -4*v = 4. What are the prime factors of l?
3
Let r(i) = 2*i**3 + 10*i**2 - 11*i + 6. Let j be r(-6). List the prime factors of j - (-4 + 8 + -637).
3, 211
Suppose 418224 = 49*v - 13*v - 6036. What are the prime factors of v?
5, 2357
Let l = -477 + 777. Let k be (1/3 + 3)*l/8. Let b = k + -57. List the prime factors of b.
2, 17
Let b(p) be the first derivative of 17*p**4/4 - 2*p**3/3 + 2*p**2 - 49*p + 42. Let q(t) be the first derivative of b(t). What are the prime factors of q(1)?
3, 17
Let b(q) = -68*q - 3. Suppose -232*m + 228*m = 20. List the prime factors of b(m).
337
Let k(v) = 48*v**3 - 28*v**2 - 5*v + 112. What are the prime factors of k(8)?
2, 2857
Suppose 1781051 = 136*i - 90853. What are the prime factors of i?
2, 3, 31, 37
Suppose 127*v - 124*v = -6132. Let s = -1132 - v. Suppose s - 157 = 5*y. List the prime factors of y.
151
Suppose -2*q - 248 - 115 = -t, 3*q - 1815 = -5*t. What are the prime factors of t?
3, 11
Suppose 2*p = 21 + 33. Suppose 1 = -4*i - p. List the prime factors of (-596)/(-3) + i/(-21).
199
Let c(g) = 17*g - 4. Let m be c(1). Suppose m*j - 12*j = 162. Suppose 4*n - 130 - j = 0. What are the prime factors of n?
73
Let h be (2/3)/(-5 + (-235)/(-45)). Suppose 0 = 2*w - 3*d - 300, 0 = -h*w - d - d + 463. List the prime factors of w.
3, 17
Let u(o) = -o**2 + 26*o + 23. Suppose -51*x + 54*x - 117 = 0. Let p = -20 + x. List the prime factors of u(p).
2, 3, 13
Suppose -u + 2346 + 1747 = 3*l, -2*u = -4*l + 5454. Suppose -2*s - a + 1248 = 335, -4*a - l = -3*s. List the prime factors of s.
2, 3, 19
Let o = -83171 - -144371. What are the prime factors of o?
2, 3, 5, 17
Let r = 18238 - 11177. What are the prime factors of r?
23, 307
Let z be (-3 - (-8)/3)*(-30)/5. Let a be ((z - -5) + -1)/(15/20). List the prime factors of a + -4 + 51 + -3.
2, 13
What are the prime factors of 21/((-1008)/(-2069904)) - (0 + 2)?
13, 31, 107
Let q = -6103 + 18629. What are the prime factors of q?
2, 6263
Suppose 24339*u - 24326*u - 93652 = 0. What are the prime factors of u?
2, 1801
Suppose 0 = 8*z - 345 + 9513. Let b = z - -2009. List the prime factors of b.
863
Let b(h) = -h**3 - 8*h**2 + 5*h + 5. Let i be b(-9). Suppose -40*t + i*t = 9. List the prime factors of t/24 - (-2042)/16.
2
Let i be ((-10)/75*18)/(6/(-20)). Let a be (1 - (i/4 + -1))/(-1). Suppose a = 5*c - 230 - 260. What are the prime factors of c?
2, 7
Let z be (0/(-2) - -3)/((-57)/38). Let y be z + -1 - (-16 - -3). What are the prime factors of 2/y - (-657)/15?
2, 11
Let b = 369 - 397. What are the prime factors of ((-287160)/42)/(-5) - (-12)/b?
1367
List the prime factors of 10/(-8) + (-11388440)/(-224).
2, 5, 31, 41
Suppose -j = -4*i + 62, 22 = i + 5*j - 2*j. List the prime factors of (i + (-1 - -3))*224/24.
2, 3, 7
Suppose -2*p = 4 - 0. Let n be p + 5 + -5 + -342. What are the prime factors of 1/(((-2)/n)/1) - -1?
173
List the prime factors of 9 + -1 + 0 + (15 - (-739485)/15).
2, 7, 13, 271
Let p = 52 - 48. Suppose -s + 6 = p*q - 15, 5*q - 30 = -2*s. Suppose -q*o + 1580 - 608 = 0. What are the prime factors of o?
3
Suppose -h + 11 = 3*a, 0 = 4*h + 4*a - 2*a - 4. List the prime factors of ((-6)/(-3))/(894/(-906) - h).
151
Let p(j) = -265*j + 2538. What are the prime factors of p(-100)?
2, 14519
Let o = 8548 + 291. What are the prime factors of o?
8839
Let y(d) = d**3 - 6*d**2 - 8*d + 10. Let k be y(7). Suppose 2*g = -k*g + 85. List the prime factors of 3 + 0 + g + 2.
2, 11
Suppose 4*x - 4753 = -273. Let v be 4/18 - (-5 - (-5182)/(-9)). Suppose 0 = -5*i - 5*o + x, 2*i - o + 148 - v = 0. What are the prime factors of i?
3, 73
Let y(x) be the first derivative of 23*x**3 - x**2/2 + x + 44. List the prime factors of y(-1).
71
Let g(u) = 55*u - 50*u - 1 - 31. Let t be g(7). Suppose l = -t*b + 327, 3*b - 5*l = 2*b + 109. What are the prime factors of b?
109
Suppose 0 = 5*k + 4*j - j - 19, 0 = -3*k - j + 9. Let h(s) = -s**3 - 4*s**k - 6*s**2 - 13 + 3 - 21*s. What are the prime factors of h(-8)?
2, 3, 5
Suppose -4*t = 39*t - 12*t - 296980. What are the prime factors of t?
2, 5, 479
Suppose -17*c + 32767 = 2507. Suppose 3*l + 4*j = 2007 - 672, -4*l + c = -5*j. What are the prime factors of l?
5, 89
Suppose -2867 = -14*q + 39385. What are the prime factors of q?
2, 3, 50